-20. List the prime factors of o.
3
Let i(z) = -z**2 + 27*z + 2646. What are the prime factors of i(0)?
2, 3, 7
Let x = 1030 - 601. List the prime factors of x.
3, 11, 13
Suppose 29*h = 21*h + 2968. What are the prime factors of h?
7, 53
Let k be -3 + (2 - 1) - -6. Suppose 5*l - 35 = 2*r, 5*l = -k*r + 6 - 1. Suppose -l*p + 90 = 10. List the prime factors of p.
2
Let r be (-2)/((-5)/(-2) + -3) + 1. What are the prime factors of (214/4)/((r/(-10))/(-1))?
107
Suppose -j + 9 = 2*j. Suppose -j*n = 2*n + 35. Let x = n + 27. What are the prime factors of x?
2, 5
Suppose 6 = 4*v - 10. Suppose 7*c = 3*p + 2*c + 4, -c = -5. Let k = v + p. List the prime factors of k.
11
What are the prime factors of -11 + 8*13270/40?
3, 881
Suppose 477 = -11*w + 2039. What are the prime factors of w?
2, 71
Suppose -5*v - 4*j + 1012 = 0, 11*v - 14*v = -2*j - 616. What are the prime factors of v?
2, 3, 17
Let u(s) = 460*s - 306. List the prime factors of u(5).
2, 997
Suppose 66*a = 43940 + 49384. List the prime factors of a.
2, 7, 101
Suppose 0 = 2*b - 2*n + 118, 4*n - 79 + 283 = -4*b. Let h = 109 + b. List the prime factors of h.
2, 3
Suppose 3*u - 8*u + 10 = 0. What are the prime factors of 10/u*(610/25 + -5)?
97
Suppose -16055 = -26*r + 7*r. List the prime factors of r.
5, 13
What are the prime factors of ((-4228)/(-20) - -1)/((-2)/(-5))?
3, 59
Suppose -2*c - m - 3*m = 6, 3*m + 7 = -c. Suppose -20 = -3*d - x, c*d - 2*x = 3*x. Let n(w) = 2*w**2 - 7*w + 6. What are the prime factors of n(d)?
3, 7
Let n(f) = f**3 + 11*f**2 + 6*f - 13. Let x be n(-10). Let m = x - 21. What are the prime factors of ((-5)/(-4))/(m/192)?
2, 5
Let s(o) be the first derivative of -217*o**4/4 - o**3 - o**2 + o + 3. List the prime factors of s(-1).
7, 31
Let z = 86 - 8. Suppose 4*r = 3*w - z, 0 = 6*w - w - 3*r - 119. What are the prime factors of w?
2, 11
Let g be 6*(2/(-12))/((-8)/72). What are the prime factors of ((-1935)/(-27))/(3/g)?
5, 43
Let t = 3535 - 1276. List the prime factors of t.
3, 251
Let j(x) = -x + 21. Let y be j(18). Let r be (-4)/(-24) + y/(-18). Suppose 2*t = 4*l - 0*t - 76, -3*l - 4*t + 79 = r. List the prime factors of l.
3, 7
Suppose -4*m - 14 = -2*y, -4*y + 2*m - 2 = -0. Let w(k) = -6*k - 13. Let b be w(y). Suppose -b*z + 11 + 310 = 4*g, 0 = -5*z + 25. List the prime factors of g.
2, 37
Suppose -2*b = g - 429, 2*g + b + 2178 = 7*g. List the prime factors of g.
3, 5, 29
Let y(z) = -1 + z + 20*z - 4*z. What are the prime factors of y(3)?
2, 5
Let u(v) = -20*v - 50. Let f be u(-7). Let i = 120 - f. What are the prime factors of i?
2, 3, 5
Suppose 5*l - 3*x - 36 = 0, 0 = -5*l - 2*x + 3*x + 42. Suppose l*t = 4*t + 890. List the prime factors of t.
2, 89
Let m = 366 + -234. What are the prime factors of m?
2, 3, 11
Let r(k) = -5*k**3 + 3*k**2 - 14*k - 11. What are the prime factors of r(-5)?
3, 11, 23
Suppose 121*j + 459 = 122*j. List the prime factors of j.
3, 17
Let o = -143 - -274. What are the prime factors of o?
131
Let p be -48 + (1 - (2 + 2)). Let m = 71 + p. Let j = -5 + m. List the prime factors of j.
3, 5
Suppose 2*o + y + 20 = 0, -7 = o + y + 4. Let f be (1/(-3))/(1/o). Suppose 0 = f*x - 12 - 3. What are the prime factors of x?
5
Suppose 4*k = -3*y + 336, 0 = -4*y + 4*k + 138 + 282. Suppose 2*r = y + 28. List the prime factors of r.
2, 17
Suppose t - 5*v = -10, -10 = 5*t - 2*t - 5*v. Suppose t = -5*p + 15, 3*f + p = -f + 515. What are the prime factors of f?
2
Let c = 9 - 8. Let x(m) = 72*m - 3. What are the prime factors of x(c)?
3, 23
Let c(h) = -47*h - 2. Let t be c(-2). Suppose t = 4*x - 20. List the prime factors of x.
2, 7
Suppose -4*m = x - 5*x + 20, 2*x = -3*m - 10. What are the prime factors of 7236/42 - m/(-14)?
2, 43
Suppose -2*f - v + 0*v + 1321 = 0, -2*f + 1317 = -3*v. Suppose 37*q - 41*q + f = 0. What are the prime factors of q?
3, 5, 11
Let u(d) = -36*d - 214. What are the prime factors of u(-6)?
2
Let m = 3138 + 753. What are the prime factors of m?
3, 1297
Let i(b) = 130*b + 116. List the prime factors of i(13).
2, 3, 7, 43
List the prime factors of -1*((-1380)/48 - 1/4).
29
Suppose -4*t + 93 = c, -4*t - 2*c + 95 = c. Suppose 2*f = f + t. Let j = f - 11. List the prime factors of j.
2, 3
Suppose -5*f + 50 = -5*b, 4*f + b - 8 = -3*b. Let a(k) = 13*k - 6. List the prime factors of a(f).
2, 3
Let o = 869 - 358. List the prime factors of o.
7, 73
Let n be 4/10 + 2718/30. Suppose -4*k + n = -5. List the prime factors of -2 + k*(-1)/(-1).
2, 11
Suppose 5*z = -3*u + 7*u + 26, -u = -3*z + 10. Suppose -158 = -3*r - z*a, -a + 76 = r - 5*a. What are the prime factors of r?
2, 7
Let f(c) be the second derivative of c**4/6 - c**3/2 - 11*c**2 - 6*c. List the prime factors of f(12).
2, 5, 23
Suppose 0*f = -3*f + 36. Let j(t) = -3*t**3 + t - 10*t**2 + 4*t**3 + 3 + f*t + 0*t. What are the prime factors of j(9)?
3, 13
Suppose 8482 = 3*h + 2*x, -11281 = -4*h + x + 2*x. What are the prime factors of h?
2, 353
Suppose -7475 + 18851 = 12*m. List the prime factors of m.
2, 3, 79
Suppose -2*y = -m - 626, 5*y - 2*m + m = 1571. What are the prime factors of y?
3, 5, 7
Let b(r) = 10*r**2 - 24*r - 11. What are the prime factors of b(5)?
7, 17
Let v be 0 + -3 - (-8 - -7). Let c be v/(-4)*-4 + 4. Suppose -2*z = 2*z + c*u - 98, 4*u = 4*z - 104. What are the prime factors of z?
5
Let o = -11 - -17. Let h be (o*1)/((-5)/(-40)). Suppose -3*t + 110 = 5*a, 3*a + a + h = t. What are the prime factors of t?
2, 5
Suppose 0 = -3*l - 5*q + 2626, 4*l - 3565 = -5*q - 72. What are the prime factors of l?
3, 17
Let c(x) = -x**3 - 2*x**2 - x + 2. Let o(p) = -p**2 + p - 3. Let a be o(0). List the prime factors of c(a).
2, 7
Let i(d) = 10*d**2 - d + 1. Suppose 0 = -2*s - 0*s. Suppose -v + s*v + 6 = 5*r, 4*v = -4*r + 8. What are the prime factors of i(r)?
2, 5
Let n = 97 + -29. Let d = 150 - n. List the prime factors of d.
2, 41
Suppose -m - 7*z = -11*z - 179, -754 = -4*m - 3*z. What are the prime factors of m?
11, 17
Let v(s) = -s**2 + 3*s + 3. Let f be v(2). Suppose 986 = 5*o + 3*i - f*i, -3*i = -4*o + 793. List the prime factors of o.
2, 7
Suppose 0 = -y + 5. Let g = 164 + -160. Suppose -g*v = v + 3*b - 39, 5*v = y*b + 55. List the prime factors of v.
3
What are the prime factors of (-2)/(12 - 10) + 1321?
2, 3, 5, 11
Let i = 10 + 0. Let b be i/25*(-10)/(-4). List the prime factors of (b - -2)*50/6.
5
Suppose 9*v - 302 = 5*v - 3*b, 0 = -4*v + b + 294. Let c = 20 + v. What are the prime factors of c?
2, 47
Suppose 7*a - 2*a = -3*s + 34, -a + 14 = 3*s. Let g(t) = -3*t + 16*t**3 - 2 + 14*t**s - 2*t**2 - 37*t**3. What are the prime factors of g(-2)?
2, 13
Let p(z) = z**2 + 12*z + 13. Let u be p(-12). Suppose -d - u = 4*m - 2*m, 3*m - 3 = 3*d. What are the prime factors of 0 - (1 + m)*1?
3
Let a(d) = 3*d**2 - 32*d + 2. Let l(n) = 5*n**2 - 48*n + 3. Let o(b) = -8*a(b) + 5*l(b). Let u be o(-11). List the prime factors of (-2)/(-8) + (-2618)/u.
47
Let b = 6 + 9. Suppose -7 = -4*s - b. List the prime factors of -2*s/4 + 19.
2, 5
Let c be -4 + 264/28 - 9/21. Let q be (1 + -3)/(2/(-25)). Suppose d + c*o = q, -3*o = 5*d - o - 148. List the prime factors of d.
2, 3, 5
Let i(y) = -y**2 - 12*y - 17. Let d be i(-11). What are the prime factors of (-118)/d - -1 - 2/3?
2, 5
Let w = -38 + 48. Suppose -w = f - 5*o, -10 = -o - o. List the prime factors of f.
3, 5
Let k = -7175 + 10755. What are the prime factors of k?
2, 5, 179
Let b be (66/9)/((-2)/(-3)). Let x = -21 - -26. Let r = b + x. List the prime factors of r.
2
Let m = 89 + -87. Suppose n - 177 = -q, n + m*q = 5*n - 720. What are the prime factors of n?
179
Suppose -5*g - 4 - 36 = -p, -2*g - 38 = 4*p. Let i be (-17)/3 - 6/g. Let b = 14 - i. List the prime factors of b.
19
Let s(a) = -133*a + 180. What are the prime factors of s(-9)?
3, 17
Suppose 4*n + 109 = -31. Let p = 25 + n. Let i = p - -23. What are the prime factors of i?
13
Let v(b) = 4*b - 3. Let h(n) = -9*n + 5. Let x(j) = -3*h(j) - 7*v(j). What are the prime factors of x(0)?
2, 3
Suppose -c + 0*c - 4 = 0. Let h be (c - 1)*4/10. List the prime factors of h + 1 - (-40 - 10).
7
Suppose -3*p = -254 + 62. Suppose -513*i + 135 = -508*i. Let a = p - i. List the prime factors of a.
37
Let r be (-3 - -3)/((-2)/1). Suppose -2*m + 5*m - 6 = r. Suppose 0 = 4*z + 4*v - m*v - 156, -2*v + 33 = z. List the pr